0 + 13)
-4
Calculate -33 - (35 - (-16 + 133)).
49
What is 5 + -20 + 34 + -110 + 10 + -9?
-90
(256 + -553 - -290) + 108 + 0 + 0
101
What is the value of 195 + -88 - 130 - -59?
36
What is the value of -20 + (43 + -46 - (-16 - 0)) - 31?
-38
What is the value of -49 + (3 - (-73 + 41)) + -31?
-45
-6 + 160 + (-73 - 41)
40
18 + -2 + -55 - (2 + (11 - 9))
-43
What is the value of (2 - (-15 - -27)) + 0 + (-11 - -6) + 133?
118
Evaluate -45 - (2 - 43) - 13.
-17
Calculate (159 - (-89 + 67)) + -143.
38
What is -8 - 1 - 2 - (1205 + -1267)?
51
Calculate 55 + (40 - 110 - -48).
33
Evaluate (12 + -7 - (0 - (-3 + -2))) + (-5 - -22).
17
What is 22 + -51 - (-761 + 653)?
79
-16 + (-1 - 5) + 4 - (7 - 2)
-23
Calculate (1352 - 1365) + (-5 + -2 - -47).
27
Evaluate -3 + ((-5 - -15) + -99 + -21 - -1).
-112
Calculate 43 - ((-15 - -55) + 6).
-3
3 - (7 - (-15 + (-16 - -30)))
-5
Calculate -8 - (8 - ((22 - 17) + 8)).
-3
What is 13 - (6 + 1 + (5 - (-45 + 63)))?
19
-61 + -4 + -2 + 1 + -4 + 9 + -5
-66
Evaluate (-3 - -26) + (-184 - -210) - 4.
45
Calculate -63 + 11 - (-3 + 2) - -24.
-27
Evaluate 132 - 109 - (-3 + (9 - -4)) - (0 - -66).
-53
What is the value of 6 + -46 + -14 + 34?
-20
Evaluate -379 - -366 - (3 + 0 + -91).
75
Evaluate (-4 - -3) + (-9 + 2 - (86 - 83) - -4).
-7
What is the value of (-16 - -57) + (-151 - -87)?
-23
What is (-167 - -140) + (0 + -15 - (-5 + 5))?
-42
Calculate 6 + -57 - -115 - (0 - -20).
44
Calculate 17 - ((-9 - (3 + -4) - (-9 - -1)) + 7).
10
9 + (-8 - (-14 + -68) - 13) - 8
62
What is the value of (0 - -94) + (6 + -102 - -76) + (-10 - 2)?
62
What is 16 - 39 - (17 + -12)?
-28
Evaluate 2 - -1 - (-100 + -14 - -103).
14
-73 + 40 + -86 + (19 - -3)
-97
What is -152 - -150 - (1 + (2 - 44)) - -2?
41
(-3 - (51 - 21)) + 13 - 68
-88
Calculate 9 - (-2 + -8 + (-16 - 3) + 0).
38
Evaluate -54 - (97 + -7) - -53.
-91
45 - ((3 - -15) + (-266 - -239))
54
Evaluate -35 + -26 + (9 - -10) + 90.
48
Calculate 9 - (12 - (22 + -24 + -3 + 6 + 5)).
3
3 + (35 - 1 - ((251 - 258) + 13 + 3))
28
Evaluate (-9 - -39 - 15) + 6 - -27.
48
What is the value of (-30 - (4 - 3)) + (-598 - -566)?
-63
What is (15 - -32) + (3 + 0 - (-139 + 147))?
42
What is 3 + (14 - 18) + -47 + -20 + -3?
-71
What is -15 - ((4 - 60) + -58 + 64)?
35
What is 59 - 108 - (166 - 104)?
-111
What is -83 - (-10 + -53 + 5)?
-25
Evaluate -1 + 8 - (1 + 9 + (-146 - -121)) - -3.
25
What is 1 + (11 - 1) + -1 + 137 + -142 + 72?
77
What is (-22 - (-25 - 11)) + (25 - 6)?
33
-43 - (-3 + 2 + 1 + -47 + 39)
-35
6 + -1 + -28 + 8 + 3
-12
Calculate 27 + (0 - -7 - (96 - 95)).
33
What is the value of (-2 - 5 - -12) + 14 + -7 + -14 - 34?
-36
120 + 0 - (18 + (-9 - 46) - -31)
126
Calculate 24 - (-930 + 937 - (-24 + 0)).
-7
Evaluate -131 + 127 + (-1 - 4).
-9
Calculate -25 + 1 - (39 + -19 + -6 + 2).
-40
What is the value of -9 + (-7 - (-9 + 0 + -7 + 3)) - 36?
-39
Calculate -8 - (1 - 0) - (-31 + 33) - (-72 + 5).
56
What is -6 - 10 - -11 - (-7 + -11 - (-1 + -4))?
8
What is the value of -18 - -21 - (-11 - (0 + 1))?
15
Calculate 7 - (2 - (18 - (5 - -27))).
-9
Evaluate 75 - 33 - 16 - 50 - (0 - 0).
-24
What is (-3 - -86) + -42 + -17 + (10 - -1)?
35
What is the value of -76 - (77 + -176 - -52)?
-29
What is (0 - 2) + -2 + (-17 - 0 - 1)?
-22
Evaluate -20 - (-47 + (-27 - -66)).
-12
30 + 13 + -20 + -12
11
What is the value of -1361 + 1357 + 25 + 1 + -2?
20
Calculate -95 - (46 - 103) - 41.
-79
What is the value of (13 + -1 - ((-1 - 0) + 19)) + 41?
35
Evaluate -41 - 4 - (718 + -756).
-7
What is -89 - (-11 + (61 - (43 + 7)))?
-89
What is the value of 87 - (-50 + 146 + -46)?
37
What is the value of (-13 + -1 - -8) + (23 - 24) + -18?
-25
What is the value of 25 + -79 + -22 + 45 - 26?
-57
Calculate -11 + 27 - (11 - 11) - 58.
-42
Calculate 62 + -52 - (0 + 0 + 0 + -9).
19
What is the value of (0 - -1) + (-26 - (-47 + -3))?
25
What is (9 - (10 + -3)) + 19 - (39 + -40)?
22
Evaluate 8 + -67 + 3 + -24 + 19.
-61
What is 4 + (-16 - 1) + 16 + -6 + (-3 - -17)?
11
Calculate -4 + -2 + 5 + (14 - -2 - 4) + 6.
17
Calculate -54 - (21 - (10 - 29 - -84)).
-10
What is the value of -77 - (-57 - 128) - 47?
61
What is (5 - -86) + (25 + -42 - -36) + -30?
80
Calculate (30 - 8) + 4 + -29 + (-4 - -1) - -64.
58
Evaluate (64 - (10 + 46)) + 26.
34
Calculate (-16 - -3) + (-18 + 1 - -29) + 14.
13
What is the value of -4 - (10 - 25) - (61 + -8 - 7)?
-35
Evaluate 32 - 44 - (-125 + 41 - (4 + -5)).
71
What is the value of (-7 + -13 - -10) + 16 + 3 - -37?
46
-6 + -29 + (-40 - 10 - -64)
-21
Evaluate -1095 + 1055 - (1 + 0).
-41
-20 + -41 + (126 - 5)
60
40 + -38 + (-23 - -1)
-20
Evaluate (16 + -39 + 30 - (32 + 3)) + 4.
-24
What is the value of -36 - (14 + 32 + -75)?
-7
Calculate -20 - (-50 - (-25 + -59)).
-54
Calculate (3327 - 3326) + (2 - (-37 - 2)).
42
-7 - (7 - (15 + -6)) - (-15 - -31 - -7)
-28
Evaluate (-153 - -44 - -129) + 68.
88
What is the value of (-29 - -42 - 14) + 29?
28
What is 111 + (-11 - (18 + -30))?
112
What is the value of (-65 - -89) + (1 - (4 + 2))?
19
(21 - 1) + (16 - (32 - (-11 + 36))) + 3
32
What is the value of -3 + (2 - 29) - (-95 - (-96 + 16))?
-15
What is the value of 2 + (23 - -1) - (4159 + -4192)?
59
What is the value of (13 - (6 + 31 + -11)) + -36?
-49
Calculate 128 - (-41 + 169) - (16 - (0 - (-1 - -2))).
-17
What is 44 + 41 + 23 - 46?
62
Evaluate 1 + 7 + ((36 - 18) + -14 - -31).
43
Evaluate 1 + -68 - (-1638 - -1565).
6
8 + 6 + -11 - (-38 + 5) - -5
41
(2 - 32) + 1280 + -1317
-67
Evaluate (87 - (-108 - -13)) + -91.
91
What is the value of (25 - (26 - 11) - -12) + 4?
26
What is 43 - 1 - (-2 + (48 + -81 - -23))?
54
Evaluate 15 - 2 - (-17 + 130 + (-26 - (5 - 11))).
-80
93 - (-43 + -56) - 103
89
What is (21 - (177 - 45)) + 138?
27
Evaluate 1546 + -1598 - (0 + -3).
-49
Calculate 94 + (-99 - -53) + -2 + -1.
45
-31 + 2 - ((17 - 26) + -30 + 44)
-34
What is the value of (-15 - -19 - -9 - ((3 - 1) + 8)) + -70?
-67
What is the value of -2 + (-110 + 104 - -71)?
63
(-17 - (-22 - 0) - -18) + 2
25
What is -48 + (93 + -27 - -10)?
28
Calculate (-46 - -2) + (6123 - 6178).
-99
Calculate 121 + 14 + (-4 + (-8 - 14) - (4 + -4)).
109
-1 + 12 + 19 + 137 + -153
14
Calculate 88 + -241 + 91 - -66.
4
Calculate -1 + -48 - (8 + -2 + (-140 - -107) + 22).
-44
(43 - (-7 - (7 - 60))) + 4 + 1
2
Evaluate (-20 - -1) + (16 + -96 - 14) + 9.
-104
What is (-12 - (-17 - 11)) + (4 - 22)?
-2
What is the value of 48 - (10 - 2) - (173 - 196)?
63
3 - ((32 - 49) + 21 + -12)
11
What is the value of 37 - ((28 - (21 + -8)) + -47)?
69
What is (0 - -1) + 22 + (-115 - 241 - -367)?
34
What is 26 + -46 + -19 + -1 + -14?
-54
Evaluate -10 + -32 + (4 - (-15 + 3)).
-26
What is -1 - (-8 + 1) - (-155 + 101)?
60
(-6 - -1) + (-584 - -577) - -56
44
Evaluate (4 - 16) + 9 - (-7 + 2 + -3 + -48).
53
What is -68 + 201 + -115 + -76?
-58
Calculate (0 - 0 - 18) + -22 + 3.
-37
What is the value of 9 - (7 - 0) - (-14 + 2)?
14
What is the value of -12 + -2 - (-3 + 90 - 59)?
-42
What is the value of 54 - (266 - (95 - -41))?
-76
What is -43 - (14 + -17) - (-1 - -9)?
-48
Evaluate -22 + (-3 + -9 - (36 + -38)).
-32
Evaluate (-3 - 103) + -81 + 108.
-79
Calculate 101 - 80 - (-4 - 8 - 5).
38
What is -1 - ((29 - 25) + -21)?
16
-312 - -344 - (0 - 37)
69
What is the value of 76 + -119 + 13 - -142?
112
What is the value of -18 + 87 + -85 - 54?
-70
12 - 8 - 41 - (18 - 7 - 6 - 6)
-36
Evaluate (115 - 100) + -48 + 12.
-21
-43 - (23 - (2 + 34))
-30
Calculate -63 + 0 - (23 - 4 - 35 - 2 - -9).
-54
Calculate -18 + (-80 - -179) + -139.
-58
Calculate -46 + 33 + -14 - -7.
-20
Evaluate 18 + 1 + -42 + 115.
92
-20 + -2 + (150 + -48 - 45)
35
2 + 2 + 2 - -21 - (75 - 71)
23
Calculate 54 + (16 - 36) - -7.
41
What is the value of -13 + 0 + 15 + -17 + 36 + -81?
-60
27 + (-14 - (-3 + (-8 - (1 + -1))))
24
Calculate (2 - 44) + 0 - ((-1 + -11 - -12) + 4).
-46
Evaluate -24 - ((7 - -143) + -65).
-109
0 + (-12 - 2) + (-238 - (-194 - 115))
57
Evaluate -5 + (6 - (1 - -3 - 7)) + (-25 - 2).
-23
-8 + 103 + -9 + 7 + 17 + -27 - 11
72
What is the value of 1934 + -1922 - (2 + 0 + (-10 - 2)) - 15?
7
(51 - (-7 - (3 + -19 - -7))) + 9
58
Calculate 47 + 112 + -40 - 15.
104
What is the value of (9 - -15 - 72) + 8?
-40
What is (31 - (-80 - -131)) + -48?
-68
(13 - 67) + 29 + -3
-28
What is -4 - (-39 + 5) - -5 - (-23 - -11 - -21)?
26
95 - (-12 + 112 - 43) - (-1 - 10 - -1)
48
Evaluate 59 - (27 + -90 + 16